
Is 40276844557 a composite number?
True
Is 9488674883 prime?
True
Is 48479576149 composite?
False
Is 34643082989 a prime number?
True
Is 89167276015 a composite number?
True
Is 12786405677 composite?
False
Is 321254821 a composite number?
False
Is 5700348401 composite?
True
Is 266263241 a prime number?
True
Is 8603959481 a prime number?
False
Is 44299885567 a composite number?
True
Is 4432269047 a composite number?
False
Is 8653537049 a composite number?
True
Is 1288988039 prime?
False
Is 3080883989 prime?
True
Is 1231516609 a composite number?
False
Is 2736630107 a prime number?
True
Is 1655886529 a prime number?
False
Is 16652243037 a composite number?
True
Is 6156346603 a composite number?
True
Is 60105716597 a prime number?
True
Is 10333681843 a composite number?
False
Is 1053077111 a prime number?
True
Is 124721347 a prime number?
False
Is 211670299 a prime number?
True
Is 1873261463 composite?
False
Is 8223683477 a prime number?
True
Is 10559130971 prime?
True
Is 3247648223 a composite number?
False
Is 362749067 composite?
True
Is 1397881609 prime?
True
Is 19664605183 a composite number?
False
Is 265605733 a composite number?
False
Is 98698181 a prime number?
True
Is 831904247 a composite number?
True
Is 181327721 a composite number?
False
Is 128113399 composite?
True
Is 51336287 a composite number?
False
Is 36189479671 composite?
True
Is 458874889 a prime number?
False
Is 1451336371 a composite number?
True
Is 11597752003 composite?
True
Is 1712953027 a composite number?
False
Is 1170121742 a prime number?
False
Is 760993099 a composite number?
True
Is 3283684213 composite?
True
Is 1209958667 prime?
False
Is 991691893 a prime number?
False
Is 400716607 prime?
True
Is 230072012641 prime?
True
Is 157799819 a prime number?
True
Is 3222920081 prime?
True
Is 3517262765 a prime number?
False
Is 27466517027 prime?
False
Is 14480609089 prime?
True
Is 287705510783 composite?
False
Is 46656030881 prime?
False
Is 7499310077 composite?
True
Is 94131904541 a prime number?
True
Is 311898151 a prime number?
False
Is 43632508099 a prime number?
False
Is 189329786 a composite number?
True
Is 6237946733 a composite number?
False
Is 2839425863 prime?
True
Is 59563462543 composite?
True
Is 19518101 a composite number?
True
Is 204914363 a prime number?
True
Is 4116330881 composite?
True
Is 4806627971 a composite number?
False
Is 5993312213 a prime number?
False
Is 20288942953 composite?
False
Is 21291558173 a prime number?
False
Is 400112329 composite?
False
Is 682958657 a composite number?
False
Is 111199359941 a prime number?
True
Is 5383326329 composite?
True
Is 8354849663 prime?
True
Is 375653623 prime?
False
Is 117618599 prime?
False
Is 1251080161 composite?
False
Is 1839485983 prime?
False
Is 296336713 prime?
False
Is 807868057 a composite number?
False
Is 456973862 prime?
False
Is 861049061 a prime number?
True
Is 5146348853 a prime number?
True
Is 5346635669 a prime number?
True
Is 47902022195 a prime number?
False
Is 64531074089 a composite number?
True
Is 10426057154 prime?
False
Is 81847298465 a prime number?
False
Is 2437849581 composite?
True
Is 33077574806 composite?
True
Is 249678223 a prime number?
True
Is 2177874151 a prime number?
True
Is 393585067 prime?
True
Is 1611448633 composite?
False
Is 17170159159 composite?
True
Is 14102224811 prime?
False
Is 1352688551 prime?
False
Is 12553155743 prime?
True
Is 23566057303 a prime number?
True
Is 110920209767 prime?
True
Is 778415069 a prime number?
False
Is 6727009567 composite?
False
Is 1871051447 a prime number?
False
Is 31886979983 a composite number?
False
Is 456957073 a prime number?
True
Is 47039754419 composite?
True
Is 743971702 prime?
False
Is 451687811 a prime number?
False
Is 16797353 a composite number?
False
Is 2504781247 a composite number?
False
Is 17802440801 a prime number?
False
Is 4926485231 a composite number?
False
Is 15665281109 a composite number?
True
Is 27878312551 composite?
False
Is 4371365189 composite?
True
Is 7412906623 prime?
False
Is 1255999429 composite?
True
Is 1261538654 a prime number?
False
Is 11308916587 prime?
False
Is 12797306923 a prime number?
False
Is 2927096269 a prime number?
True
Is 29445481259 a composite number?
True
Is 696564013 a prime number?
False
Is 214965739 prime?
True
Is 2169380227 composite?
True
Is 3164645755 a composite number?
True
Is 36971629043 a prime number?
False
Is 15170198621 a composite number?
True
Is 1271207467 a prime number?
False
Is 7907771945 a prime number?
False
Is 13212247117 a composite number?
True
Is 3185041771 a composite number?
True
Is 3539549317 a composite number?
False
Is 620414803 prime?
True
Is 2688970981 composite?
True
Is 146196652813 prime?
True
Is 6961173553 composite?
False
Is 4060878715 a composite number?
True
Is 318205962551 a prime number?
True
Is 2983422209 composite?
False
Is 18984783035 a composite number?
True
Is 22081926157 prime?
True
Is 151817669 a prime number?
True
Is 1598110117 prime?
True
Is 5873359 prime?
True
Is 477587567 composite?
False
Is 14011318571 prime?
True
Is 23798063321 a composite number?
False
Is 9574201757 a composite number?
True
Is 459643817 prime?
True
Is 776998037 a composite number?
False
Is 16322260102 composite?
True
Is 579169681 prime?
True
Is 2295782687 composite?
True
Is 2846518999 composite?
False
Is 80482273 prime?
False
Is 2260545517 a composite number?
True
Is 435501851 prime?
False
Is 3998367647 composite?
True
Is 56527937 a composite number?
False
Is 2444871749 composite?
True
Is 11354781827 prime?
True
Is 1433799673 prime?
False
Is 7278187523 a composite number?
False
Is 78168353297 composite?
True
Is 1383172447 prime?
False
Is 606428547 prime?
False
Is 508306699 a composite number?
True
Is 300428911 a composite number?
False
Is 100289825113 a composite number?
True
Is 169726003399 composite?
False
Is 22823123821 a prime number?
True
Is 1890268213 prime?
False
Is 758267039 prime?
False
Is 1489478699 composite?
False
Is 1797377151 a prime number?
False
Is 8774852519 composite?
True
Is 1437121138 a prime number?
False
Is 1230691307 prime?
True
Is 10025921791 prime?
True
Is 141237667 a prime number?
True
Is 1210601219 a prime number?
False
Is 24763307 a composite number?
False
Is 690629991 prime?
False
Is 689173237 a composite number?
True
Is 727742359 a prime number?
True
Is 615270991 prime?
False
Is 5033552143 a prime number?
False
Is 5007866453 a prime number?
True
Is 1152659197 prime?
True
Is 3282092453 a composite number?
False
Is 124680369309 a prime number?
False
Is 558712313 composite?
False
Is 61138314493 a prime number?
True
Is 22058938749 prime?
False
Is 29173183 a composite number?
True
Is 7518713753 a composite number?
True
Is 1301845697 composite?
True
Is 6978422827 composite?
True
Is 5172731629 prime?
False
Is 12403400179 composite?
False
Is 3422748773 prime?
True
Is 27498760957 composite?
True
Is 313367051 prime?
True
Is 7131135941 prime?
False
Is 7180253287 a composite number?
False
Is 46383876997 prime?
True
Is 60375926119 a prime number?
False
Is 6407435503 a prime number?
False
Is 55161394009 a prime number?
False
Is 580445101 a prime number?
True
Is 394783217 a prime number?
False
Is 3287886209 prime?
True
Is 82299556871 prime?
False
Is 45101084293 a composite number?
False
Is 18652166303 a prime number?
True
Is 2103437299 prime?
True
Is 779062973 prime?
False
Is 1108259381 a composite number?
False
Is 737790307 prime?
True
Is 1622127643 a composite number?
True
Is 339862477 a composite number?
True
Is 462044809 a prime number?
True
Is 486731839 prime?
False
Is 3702179171 prime?
True
Is 52071851 a prime number?
False
Is 48055575739 a composite number?
False
Is 1462661401 prime?
False
Is 1988394731 a prime number?
False
Is 26210861857 composite?
False
Is 52732437031 prime?
False
Is 309290021 a composite number?
False
Is 5598965387 prime?
True
Is 5523658199 a prime number?
False
Is 31771804763 a prime number?
False
Is 2722674733 composite?
False
Is 830406569 a prime number?
True
Is 1311990859 composite?
False
Is 211374949 prime?
False
Is 667578517 a prime number?
True
Is 5712307831 prime?
False
Is 17578075817 composite?
False
Is 584836199 a composite number?
False
Is 314470297 composite?
True
Is 1404474343 a composite number?
False
Is 5